- 66. Determine k(0).
-66
Let g(z) = -659*z + 1902. Determine g(4).
-734
Let c(n) = 850*n + 479331. What is c(-564)?
-69
Let j(z) = 2787*z**2 - 19506*z + 38. Give j(7).
59
Let h(a) = -12*a**2 - 113*a + 881. Determine h(10).
-1449
Let f(q) = -9*q**3 - 2117*q**2 - 468*q + 468. Calculate f(-235).
-2
Let s(k) = -4401*k + 52409. Give s(12).
-403
Let b(p) = 1472*p - 129053. What is b(88)?
483
Let s(m) = -3*m**2 + 4528*m - 27143. Calculate s(6).
-83
Let p(f) = f**2 - 247*f + 9944. Determine p(48).
392
Let j(f) = 62843*f + 502777. Calculate j(-8).
33
Let d(q) = 10336*q - 123998. Give d(12).
34
Let p(g) = -18112*g + 90566. Give p(5).
6
Let g(i) = -121*i**2 - 2755*i - 15661. Give g(-12).
-25
Let d(v) = 14*v**2 + 319*v + 3218. Give d(-10).
1428
Let z(d) = 2*d**2 + 5139*d - 41285. What is z(8)?
-45
Let p(x) = 30*x**2 + 15*x - 1373. Give p(-7).
-8
Let t(g) = -3*g**3 + 2*g**2 + 62*g + 206. Determine t(-3).
119
Let w(c) = c**3 - 32*c**2 - 368*c + 216. Determine w(40).
-1704
Let g(m) = m**2 - 34*m - 810. Calculate g(-29).
1017
Let i(c) = -34327*c + 274608. Give i(8).
-8
Let p(q) = 3157*q + 27378. What is p(-9)?
-1035
Let h(g) = -198*g - 2643. Calculate h(-17).
723
Let c(g) = -3*g**3 - 374*g**2 + 3743*g - 1167. What is c(-134)?
39
Let l(g) = 20*g**2 + 673*g - 40. What is l(-30)?
-2230
Let d(r) = -20*r**2 - 146*r + 383. What is d(2)?
11
Let n(w) = -181*w - 7314. Calculate n(-39).
-255
Let s(v) = 4*v**2 + 323*v - 3951. Determine s(-101).
4230
Let d(p) = p**2 + 21*p - 6409. Determine d(-87).
-667
Let x(l) = -l**3 + 108*l**2 + 281*l - 18738. Determine x(109).
10
Let c(i) = -297738*i + 11611779. What is c(39)?
-3
Let w(h) = 669*h**2 + 39471*h - 8. Calculate w(-59).
-8
Let q(f) = -99*f + 18210. What is q(180)?
390
Let m(n) = -119910*n + 479642. Calculate m(4).
2
Let o(x) = -215*x - 10630. What is o(-51)?
335
Let d(s) = -s**3 + 14*s**2 + 85*s - 845. Give d(10).
405
Let o(j) = -5593*j - 49816. Determine o(-9).
521
Let m(c) = -c - 188. What is m(20)?
-208
Let p(g) = g**3 + 19*g**2 + 17*g - 302. What is p(-18)?
-284
Let s(m) = -104*m**2 + 2142*m + 1479. Determine s(21).
597
Let d(i) = -2*i**2 - 7265*i - 561451. What is d(-79)?
2
Let p(r) = -703069*r + 3515360. Give p(5).
15
Let w(o) = 17*o**2 - 21393*o + 40. Calculate w(0).
40
Let x(m) = 28*m - 1690. Give x(59).
-38
Let h(v) = -87*v**2 - 1052*v - 1047. Give h(-11).
-2
Let u(m) = 12*m**2 + 648*m + 1864. Calculate u(-3).
28
Let w(z) = 27*z**2 + 2900*z - 18341. What is w(6)?
31
Let z(t) = -3677*t + 489027. Give z(133).
-14
Let d(r) = 8*r**2 - 417*r + 3127. Calculate d(8).
303
Let m(t) = 576*t - 48380. What is m(84)?
4
Let z(k) = -k**2 + 2087*k - 181716. Determine z(91).
-80
Let x(u) = 2*u**3 + 511*u**2 + 263*u + 2371. Give x(-255).
331
Let k(j) = 11*j**2 + 3680*j + 3676. Determine k(-1).
7
Let j(w) = w**2 - 4157*w - 240245. Determine j(-57).
-47
Let v(p) = 2*p**2 - 12264*p - 2585076. Calculate v(-204).
12
Let v(g) = 101*g - 5272. Determine v(54).
182
Let s(q) = 4676*q - 57297. Calculate s(12).
-1185
Let i(u) = 1528*u - 495072. Give i(324).
0
Let z(t) = -t**3 + 176*t**2 - 3004*t + 3357. Give z(157).
60
Let g(s) = 229*s + 5541. What is g(-25)?
-184
Let f(c) = 9501*c - 921514. What is f(97)?
83
Let s(i) = 5*i**2 - 1017*i - 631. What is s(204)?
-19
Let h(d) = -d**3 + 506*d**2 + 985*d + 15683. Calculate h(508).
-65
Let f(d) = 367*d + 115936. Determine f(-316).
-36
Let y(q) = -1749*q + 103180. Calculate y(59).
-11
Let c(v) = 13455*v - 632409. Give c(47).
-24
Let m(l) = 6*l**2 - 239*l - 1335. Determine m(-5).
10
Let p(j) = 548*j**2 - 14007*j - 6240. Give p(26).
26
Let t(a) = 14065*a + 70353. What is t(-5)?
28
Let n(q) = 18*q**2 + 597*q - 384. Calculate n(-32).
-1056
Let x(l) = -5*l**2 + 784*l - 10570. What is x(142)?
-62
Let q(a) = a**3 - 762*a**2 - 3009*a - 42264. Determine q(766).
-134
Let q(k) = 23959*k - 71867. Calculate q(3).
10
Let a(l) = l**3 + 4937*l**2 - 259438*l + 513. Determine a(52).
-7
Let q(j) = -5*j**2 + 73*j - 1140. Calculate q(24).
-2268
Let q(t) = 9*t**3 + 348*t**2 - 1263*t - 112. Determine q(-42).
14
Let g(y) = 57*y**3 + 2907*y**2 - 8*y - 440. Calculate g(-51).
-32
Let a(r) = -39346*r - 314899. Give a(-8).
-131
Let m(o) = 190*o + 220. Calculate m(-6).
-920
Let b(i) = -i**3 - 18*i**2 - 140*i - 373. Calculate b(-5).
2
Let k(a) = 980*a + 3383. Give k(-5).
-1517
Let h(o) = -5604*o + 207584. Determine h(37).
236
Let n(p) = -87*p**3 + 136*p**2 - 6*p + 18. Give n(2).
-146
Let r(i) = 3*i**3 - 25*i**2 - 238*i - 366. What is r(-4)?
-6
Let m(w) = -3*w**3 + 87*w**2 - 278*w + 8066. Calculate m(29).
4
Let x(j) = -24*j**2 + 25814*j + 260539. Give x(-10).
-1
Let i(m) = 4*m**2 - 828*m + 4275. Determine i(5).
235
Let l(q) = -2*q**3 - 34*q**2 - 51*q - 105. What is l(-14)?
-567
Let v(f) = -353*f**2 + 2102*f - 3. What is v(6)?
-99
Let z(b) = -4*b**2 - 1348*b - 9325. Calculate z(-7).
-85
Let o(v) = -7*v**2 - 205*v + 4067. Determine o(-43).
-61
Let r(j) = 11256*j + 7789142. What is r(-692)?
-10
Let m(u) = -3*u**2 - 177*u - 1265. Give m(-51).
-41
Let a(z) = -4*z**2 + 501*z - 11220. Give a(96).
12
Let q(w) = -27*w**3 - 271*w**2 - 402*w - 51. Calculate q(-8).
-355
Let x(f) = 31*f**3 - 6015*f**2 + 30*f + 31823. Give x(194).
7
Let x(l) = -23*l**2 - 129*l - 374. Determine x(-6).
-428
Let f(a) = -a**2 + 1362*a - 252154. What is f(221)?
7
Let t(n) = -n**3 + 113*n**2 - 1014*n - 1659. Give t(103).
-11
Let p(z) = -z**3 + 168*z**2 - 1115*z - 1921. Give p(161).
11
Let p(f) = 1637*f + 101534. Calculate p(-62).
40
Let n(s) = 330680*s + 1322717. What is n(-4)?
-3
Let x(j) = -23755*j - 285055. Calculate x(-12).
5
Let h(l) = 18923*l + 245965. What is h(-13)?
-34
Let z(k) = -8*k**2 - 2726*k + 55319. What is z(-360)?
-121
Let s(m) = -12199*m - 10004. Give s(-1).
2195
Let w(s) = -3*s**2 - 10858*s + 617485. What is w(56)?
29
Let m(d) = -13*d**2 - 956*d + 46565. Give m(-107).
20
Let m(b) = -39*b**3 + 28*b**2 + 136*b + 117. Determine m(-5).
5012
Let h(w) = 380*w**2 + 6435*w - 427. Give h(-17).
-2
Let p(o) = -o**3 - 21*o**2 - 83*o + 97. Determine p(-7).
-8
Let g(l) = l**3 - 117*l**2 - 873*l + 620. Give g(124).
0
Let d(w) = w**3 + 149*w**2 + 846*w - 2701. Determine d(-143).
-985
Let q(x) = 60408*x + 748. Give q(0).
748
Let c(j) = -28*j**3 + 2716*j**2 - 111*j + 10765. What is c(97)?
-2
Let a(l) = 51785*l - 932082. Determine a(18).
48
Let b(z) = 2*z**2 + 2365*z + 482456. What is b(-262)?
114
Let b(g) = 2*g**2 + 153148*g + 1378215. Give b(-9).
45
Let r(p) = 7*p**3 + 60*p**2 - 145*p - 1727. Calculate r(-10).
-1277
Let k(t) = 19*t**3 - 300*t**2 - 44*t - 331. Give k(16).
-11
Let l(c) = 298*c - 64515. Determine l(216).
-147
Let m(t) = -1731*t + 174834. What is m(101)?
3
Let p(t) = -t**3 - 26578*t**2 + 372251*t + 515. Give p(14).
-3
Let g(w) = -w**3 - 61*w**2 - 710*w + 347. Give g(-45).
-103
Let u(l) = 181*l + 4998. Calculate u(-26).
292
Let l(d) = -56419*d + 451258. Give l(8).
-94
Let w(a) = 4*a**3 - 184*a**2 + 153*a - 7037. Give w(46).
1
Let w(z) = z**3 + 57*z**2 + 631*z + 86. What is w(-43)?
-1161
Let h(v) = 119*v + 2471. What is h(-38)?
-2051
Let y(t) = -275*t**2 + 132*t + 416. Determine y(-1).
9
Let h(o) = -o**3 + 10*o**2 - 16*o + 9. Give h(5).
54
Let r(h) = -2*h**3 - 280*h**2 + 858*h - 47. What is r(-143)?
-47
Let f(b) = b**3 + 93*b**2 + 762*b + 30. What is f(-9)?
-24
Let g(o) = -o**2 - 16457*o - 656675. Give g(-40).
5
Let l(q) = 2*q**2 + 59*q - 4090. Calculate l(-62).
-60
Let c(p) = -p**3 - 7*p**2 - 895*p - 10246. Calculate c(-12).
1214
Let c(g) = -g**3 - 20*g**2 + 312*g - 511. What is c(11)?
-830
Let c(n) = -n**2 - 522*n + 209508. What is c(266)?
-100
Let w(j) = j**2 + 4*j - 639. Determine w(-34).
381
Let z(c) = c**3 + 939*c**2 - 4341*c - 1891. Give z(5).
4
Let k(j) = 45*j - 10792. What is k(244)?
188
Let t(b) = 8780*b + 8805. Calculate t(-1).
25
Let a(z) = -32*z**3 - 544*z**2 - 3669*z - 62378. Determine a(-17).
-5
Let z(s) = -1559*s + 523627. Determine z(336).
-197
Let s(q) = -1168*q - 10656. What is s(-9)?
-144
Let g(v) = v**3 - 55*v**2 + 76*v - 4212. What is g(55)?
-32
Let h(w) = 1429*w + 13523. Calculate h(-9).
662
Let j(k) = k**3 + 284*k**2 - 1425*k - 79. Give j(5).
21
Let d(v) = -5*v**3 - 20*v**2 + 197*v - 528. Determine d(4).
-380
Let w(a) = -2*a**3 - 57*a**2 + 2173*a - 14360. What is w(11)?
-16
Let g(a) = 667*a + 54821. Calculate g(-82).
127
Let 